e the prime factors of n?
2, 3
Let t = 579 - -8. What are the prime factors of t?
587
Suppose -4*k - 3 - 13 = -4*f, -2*k = -3*f + 13. Suppose -x = -0*x + k. List the prime factors of (2 - x) + -4 - -47.
2, 23
Let n = 139 + -281. Let f = -80 - n. What are the prime factors of f?
2, 31
Let a = 825 - -1481. What are the prime factors of a?
2, 1153
Suppose 24 + 60 = 14*a. Suppose b + 435 = a*b. List the prime factors of b.
3, 29
Let u(j) = 3*j + 3. Let v = -8 - -5. Let s = v - -7. List the prime factors of u(s).
3, 5
Let x = -1608 + 1818. What are the prime factors of x?
2, 3, 5, 7
Let d(i) be the second derivative of i**3/2 + 6*i**2 + 6*i. List the prime factors of d(9).
3, 13
Suppose -2*m - 5 = 3. Let b(h) = -h - 2. Let k be b(m). Suppose 6*d - k*d + n - 79 = 0, -15 = 3*n. List the prime factors of d.
3, 7
List the prime factors of (196735/21)/7 - (-6)/9.
13, 103
Let g = 1512 - -196. What are the prime factors of g?
2, 7, 61
Suppose 20 = -0*v - 4*v. Let b = v + 7. Suppose 120 = 3*w + 3*f, -5*w + 191 = -0*f + b*f. List the prime factors of w.
37
Let n = 22 - 16. Suppose 2*y + n = -2*u - 0*u, 3*u = 2*y - 34. Let g = u + 26. What are the prime factors of g?
2, 3
Let k(g) = -11*g - 335. What are the prime factors of k(-48)?
193
Suppose 8 = 5*u + 3*a - a, 0 = -4*u + 3*a + 11. Suppose -h - h - u*x + 158 = 0, -x - 296 = -4*h. What are the prime factors of h?
3, 5
Let z = 45 + -6. Let b = z - -1. What are the prime factors of b?
2, 5
Let j be (-1 - (-3)/15)*5. Let w be (-6)/(-24) + 1/j. Suppose 3*n + 2*r = 111, -2*n + 74 = r - w*r. List the prime factors of n.
37
Suppose 5*s - 4*l - 2899 = -8*l, 4*s - 2320 = -4*l. List the prime factors of s.
3, 193
Suppose 5*s - 1907 = 2*a - 0*a, -s + 4*a + 385 = 0. List the prime factors of s.
3, 127
Suppose 0*m - 4 = -m. Suppose -d - 5*u = -15, 3*d + 2*u = m*u - 6. Suppose d = -4*y - 5 + 73. List the prime factors of y.
17
Suppose 2*h + 140 = 3*h. What are the prime factors of (h/(-16))/(2/(-16))?
2, 5, 7
Let c = 2450 - -43. List the prime factors of c.
3, 277
Suppose 0 = 9*r - 4*r - 540. Suppose r = 4*a - 128. List the prime factors of a.
59
Let n(l) = -2*l - 30. Suppose 5*h + 16 = 41. Let p(z) = -2*z - 31. Let k(s) = h*n(s) - 6*p(s). List the prime factors of k(0).
2, 3
Let g = 14 + -14. Suppose g = 3*n + 6, -2*a + 3*a + n - 68 = 0. What are the prime factors of a?
2, 5, 7
Suppose -m - 32 = -2*m. Let h = -20 + m. What are the prime factors of h?
2, 3
List the prime factors of (-9)/21 - 17019/(-21).
2, 3, 5
Let y(x) = -x**3 + 8*x**2 + 11*x - 13. Let l be y(9). Suppose 0*s - l*s + 2*h = -86, s + 4*h = 26. List the prime factors of s.
2, 3
Let f(a) = a - 10. Let m be f(11). What are the prime factors of m/(387/1281 - 6/21)?
61
Let l = 13 - 7. Suppose i = 5*r - 9, -5*r + 2*i = -l - 2. Let s(c) = 6*c**2 + c + 1. What are the prime factors of s(r)?
3
Suppose -71 = -2*f - 245. Let v = f + 151. List the prime factors of v.
2
Suppose -2393*r + 2385*r = -8632. List the prime factors of r.
13, 83
Suppose 0 = -3*i + 3*h + 6, h = 2*i - 3*h - 2. Suppose -i*v = -m + 43, 2*v + 4*m + 46 = -6. Let l = v - -26. List the prime factors of l.
2, 5
Suppose 2*b = 3*b. Suppose -5*f - 13 - 52 = b. Let t = f - -22. What are the prime factors of t?
3
Suppose -j + 173 = 5*a, -5*j - a = 2*a - 953. List the prime factors of j.
193
Let c = 2849 + -1654. What are the prime factors of c?
5, 239
Let o(b) = 2*b**3 + 61*b**2 - 33*b - 51. Let s be o(-31). Let w(m) = -9 + 3 + 3*m + 2*m. What are the prime factors of w(s)?
7
Let w = -88 - 45. Let l = w + 223. List the prime factors of l.
2, 3, 5
Suppose 5*u - 2110 = -p - 0*u, 3*u - 2118 = -p. What are the prime factors of p?
2, 3, 5, 71
Suppose 4*x + x - 53 = -4*h, 4*x = 2*h - 20. Suppose h*j = -8 + 68. List the prime factors of j.
5
Let p be (-4 + 4)/(-2) + 9. Let t(s) = s**3 - s**2 - s. Let z(k) = -3*k**3 - 4*k**2 + k + 3. Let v(a) = 4*t(a) + z(a). List the prime factors of v(p).
3, 19
Let l be 12*((-2 - -2) + -1). Let o(n) = n**3 + 12*n**2 + n + 17. Let f be o(l). Suppose 27 + 18 = f*w. What are the prime factors of w?
3
List the prime factors of (-6870)/12*(56/5)/(-7).
2, 229
Suppose r = d + 2*r - 1433, 0 = 4*d - r - 5742. Suppose 5*m + 2*m - d = 0. What are the prime factors of m?
5, 41
Let d(z) = 16*z**2 - 5*z - 4. List the prime factors of d(5).
7, 53
Suppose -2*d = y - 1233, 0 = 18*d - 15*d - 3*y - 1863. What are the prime factors of d?
2, 3, 103
Let o = 2033 - -4290. List the prime factors of o.
6323
Let i = 432 - 393. List the prime factors of i.
3, 13
Let f(m) = 6*m**3 - 2*m**2 - 3*m - 2. Let u be f(-1). Let b be u/(-28) + 198/8. Let k = b - -5. What are the prime factors of k?
2, 3, 5
Let r(q) = 37*q. Let x = 146 - 142. What are the prime factors of r(x)?
2, 37
Let u(w) = 161*w - 181. List the prime factors of u(11).
2, 3, 5, 53
Let p = -54 + 59. Suppose 3*j = -2*n + 7*n - 238, 4*j + 34 = n. Suppose p*g - 128 = -4*d, d - n = -d + g. What are the prime factors of d?
3
Suppose 4*o = 43*o - 88959. What are the prime factors of o?
2281
Let v = 61 + -58. Suppose 14*b = v*b + 165. What are the prime factors of b?
3, 5
Let j be (((-30)/4)/3)/(66/1584). Let f = 105 + j. List the prime factors of f.
3, 5
Let o(k) = 554*k**2 - 63*k + 116. List the prime factors of o(2).
2, 1103
Let u be (-1 + 32/(-12))/(2/96). Let a = -51 - u. What are the prime factors of a?
5
Let l(r) = 7*r**3 + 7*r**2 + 11*r - 80. List the prime factors of l(6).
2, 5, 7
Let t = 20 + -18. Suppose -4*q = j - 17, 3*q = -t*q + 5. What are the prime factors of (j*-1)/(2 - 3)?
13
Suppose 0 = -169*d + 153*d + 12192. List the prime factors of d.
2, 3, 127
Suppose -5*h + 108 = 18. Suppose 3*w = -4*v + 116, w = v - w - 29. Let x = v - h. List the prime factors of x.
11
Let g(q) = -23*q - 6. Let f = -40 + 36. What are the prime factors of g(f)?
2, 43
Suppose 0*m + m - 10 = 0. Let l be 156/m*20/(-6). Let p = 121 + l. What are the prime factors of p?
3, 23
Let m(k) = -897*k - 41. List the prime factors of m(-2).
1753
Let c = -29 + 28. Let w be 0*c/3 - 83. Let k = w + 133. List the prime factors of k.
2, 5
Suppose 0 = -2*q - 3*q. Suppose -20 = 5*z - q, 4*w - 5*z = 332. What are the prime factors of w?
2, 3, 13
Let o(p) = p**3 + 16*p**2 - 17*p + 3. Let s be o(-17). Suppose 0 = -2*c, -2*z - 4 = -s*z - 4*c. List the prime factors of z.
2
Let p = 5653 - 2446. Let s be p/33 - (-8)/(-44). List the prime factors of 2/(-5) - s/(-5).
19
Let t(y) = y**2 + 15*y - 98. List the prime factors of t(-43).
2, 7, 79
Suppose -105*z + 102*z + 1320 = 0. List the prime factors of z.
2, 5, 11
Suppose 3*b - 4110 - 5645 = 5*l, -5*b + 16283 = 4*l. What are the prime factors of b?
3, 5, 7, 31
Let l be 11/(-44)*24/(-2). Suppose 17 = l*i - d - 4*d, -4*d + 6 = -i. Let p = 11 + i. List the prime factors of p.
5
Suppose q + 22 - 94 = 0. Suppose 24 + q = 4*b. What are the prime factors of b?
2, 3
Suppose 3*z + r = 4706, -2*z - r = -0*r - 3138. What are the prime factors of z?
2, 7
Let f = 3 - 1. Suppose -13 + 5 = 2*s + 4*m, 5*s = -5*m. Suppose s*l - 52 = -5*o, f*o - 32 = l + 3*l. What are the prime factors of o?
2, 3
Suppose 237 = 2*q - 1223. What are the prime factors of q?
2, 5, 73
Let t(r) = 85*r**2 - 17*r - 62. List the prime factors of t(-3).
2, 13, 29
Suppose -4*g = o - 60, 8 = -4*g + 2*g. Let c = o - 41. What are the prime factors of (4/(-10))/((-2)/c)?
7
Let l = -15 + 18. Suppose 0 = -l*d - 19 + 82. Let h = -13 + d. What are the prime factors of h?
2
Let l be 1 + 2 + -2 + 2 - -1. Suppose -256 = -2*r + l*i, -i = r - 5*i - 126. List the prime factors of r.
2, 5, 13
List the prime factors of (10425/(-50))/(3/(-16)).
2, 139
Let b = 2476 + -1127. What are the prime factors of b?
19, 71
Suppose 0 = 4*x - 4*g - 392, 3*x - 493 = -2*x + 2*g. Let u = x + 12. List the prime factors of u.
3, 37
Suppose -2*o - 7 = -3*h + 4*h, 5*o - 5*h - 5 = 0. Let p be o - (2 + 9/(-1)). Suppose -6*i + i - 3*s = -163, 5 = p*s. List the prime factors of i.
2
What are the prime factors of (-14)/63*-4686 - 14/(-21)?
2, 521
Suppose -16677 = -10*y + 4453. List the prime factors of y.
2113
Let h = 0 + 1. Let b(r) = -2*r + 7 + 6 - h. What are the prime factors of b(-8)?
2, 7
Let c be (-16)/12 + (-52)/(-12). List the prime factors of 17 - (c + (1 - 5)).
2, 3
Let g be (-154)/(-30) + 16/(-120). Suppose g*